ivided by 240?
233
Calculate the remainder when 930779 is divided by 66483.
17
What is the remainder when 3966805 is divided by 444?
109
What is the remainder when 30877 is divided by 26376?
4501
What is the remainder when 156773590 is divided by 2094?
2092
What is the remainder when 18553 is divided by 3341?
1848
What is the remainder when 25260336 is divided by 94?
92
What is the remainder when 2209882 is divided by 1017?
958
Calculate the remainder when 65520 is divided by 812.
560
Calculate the remainder when 93930 is divided by 46648.
634
Calculate the remainder when 3960658 is divided by 17.
15
Calculate the remainder when 893825 is divided by 893530.
295
Calculate the remainder when 78309 is divided by 383.
177
What is the remainder when 932467 is divided by 466226?
15
What is the remainder when 889143 is divided by 2944?
55
What is the remainder when 974545 is divided by 10?
5
Calculate the remainder when 1492565 is divided by 393.
344
Calculate the remainder when 10109369 is divided by 2140.
9
Calculate the remainder when 1036807 is divided by 3825.
232
Calculate the remainder when 14776391 is divided by 15940.
11
What is the remainder when 160419 is divided by 9761?
4243
What is the remainder when 561711 is divided by 109?
34
Calculate the remainder when 7506922 is divided by 461.
459
What is the remainder when 34974 is divided by 129?
15
What is the remainder when 373497 is divided by 3932?
3889
Calculate the remainder when 3041184 is divided by 1985.
164
Calculate the remainder when 14005170 is divided by 250092.
18
Calculate the remainder when 51694748 is divided by 17231582.
2
What is the remainder when 6722928 is divided by 6722928?
0
What is the remainder when 173384 is divided by 7852?
640
Calculate the remainder when 9945296 is divided by 3315053.
137
What is the remainder when 96921 is divided by 86?
85
Calculate the remainder when 4472835 is divided by 382.
379
Calculate the remainder when 11903229 is divided by 16.
13
Calculate the remainder when 5648548 is divided by 155.
38
What is the remainder when 7436871 is divided by 131?
1
Calculate the remainder when 19295847 is divided by 3215972.
15
What is the remainder when 13979330 is divided by 367877?
4
What is the remainder when 808081 is divided by 109?
64
Calculate the remainder when 216724 is divided by 21417.
2554
What is the remainder when 446610 is divided by 650?
60
What is the remainder when 1600067 is divided by 107?
96
What is the remainder when 538579 is divided by 179506?
61
Calculate the remainder when 12135 is divided by 66.
57
What is the remainder when 7557972 is divided by 240?
132
What is the remainder when 2940328 is divided by 12512?
8
Calculate the remainder when 169918 is divided by 21187.
422
What is the remainder when 1765253 is divided by 588409?
26
What is the remainder when 14059188 is divided by 263?
260
What is the remainder when 3019672 is divided by 26961?
40
Calculate the remainder when 2771733 is divided by 670.
613
What is the remainder when 545283 is divided by 2572?
19
What is the remainder when 5282 is divided by 877?
20
Calculate the remainder when 131862 is divided by 291.
39
What is the remainder when 306935 is divided by 12276?
35
Calculate the remainder when 4558871 is divided by 73530.
11
Calculate the remainder when 26148651 is divided by 14925.
51
Calculate the remainder when 14562 is divided by 145.
62
Calculate the remainder when 7591756 is divided by 80.
76
What is the remainder when 174537059 is divided by 1193?
1159
What is the remainder when 11559611 is divided by 45?
11
Calculate the remainder when 7808950 is divided by 983.
981
What is the remainder when 118883587 is divided by 627?
625
Calculate the remainder when 2084984 is divided by 122574.
1226
Calculate the remainder when 1356033 is divided by 1601.
1587
Calculate the remainder when 114897075 is divided by 330.
315
Calculate the remainder when 284502 is divided by 4503.
813
What is the remainder when 3730614 is divided by 458?
204
What is the remainder when 175075 is divided by 86939?
1197
Calculate the remainder when 690461 is divided by 12786.
17
Calculate the remainder when 32544 is divided by 1550.
1544
Calculate the remainder when 6409274 is divided by 2256.
2234
What is the remainder when 110228 is divided by 221?
170
What is the remainder when 41427 is divided by 350?
127
What is the remainder when 121861898 is divided by 461598?
26
Calculate the remainder when 708285 is divided by 20.
5
Calculate the remainder when 213956924 is divided by 47.
46
Calculate the remainder when 173642383 is divided by 395.
383
What is the remainder when 564870509 is divided by 1215?
1214
What is the remainder when 112070 is divided by 1686?
794
What is the remainder when 94431 is divided by 9226?
2171
Calculate the remainder when 874616 is divided by 437070.
476
What is the remainder when 3606702 is divided by 1202122?
336
What is the remainder when 282318 is divided by 345?
108
Calculate the remainder when 90627024 is divided by 4406.
10
Calculate the remainder when 230553829 is divided by 65.
64
Calculate the remainder when 21405287 is divided by 369055.
97
What is the remainder when 208406 is divided by 107?
77
Calculate the remainder when 55958 is divided by 6215.
23
What is the remainder when 17821893 is divided by 244135?
38
Calculate the remainder when 562548 is divided by 118.
42
Calculate the remainder when 108030705 is divided by 301.
300
What is the remainder when 4271253 is divided by 24978?
15
Calculate the remainder when 171037289 is divided by 366.
365
Calculate the remainder when 191543 is divided by 5034.
251
Calculate the remainder when 44724 is divided by 13314.
4782
Calculate the remainder when 112183 is divided by 169.
136
Calculate the remainder when 91429 is divided by 91362.
67
Calculate the remainder when 6266704 is divided by 28.
24
What is the remainder when 9557192 is divided by 466?
464
What is the remainder when 50473473 is divided by 16824488?
9
What is the remainder when 49137 is divided by 48666?
471
What is the remainder when 443093 is divided by 267?
140
Calculate the remainder when 1764825 is divided by 689.
296
What is the remainder when 2002453 is divided by 667422?
187
Calculate the remainder when 250242 is divided by 2061.
861
Calculate the remainder when 607280 is divided by 13.
11
Calculate the remainder when 5239 is divided by 299.
156
What is the remainder when 22385 is divided by 22225?
160
What is the remainder when 1931655 is divided by 2949?
60
What is the remainder when 112834 is divided by 112573?
261
Calculate the remainder when 3391606 is divided by 305.
6
Calculate the remainder when 48435658 is divided by 24.
10
Calculate the remainder when 4586626 is divided by 327610.
86
What is the remainder when 12128 is divided by 3077?
2897
Calculate the remainder when 185696745 is divided by 397.
392
Calculate the remainder when 15076587 is divided by 1072.
1051
Calculate the remainder when 269071 is divided by 16815.
31
Calculate the remainder when 28441422 is divided by 573.
567
Calculate the remainder when 191997742 is divided by 4209.
4207
Calculate the remainder when 787508105 is divided by 602.
601
What is the remainder when 1294723 is divided by 223?
208
Calculate the remainder when 64367 is divided by 5846.
61
Calculate the remainder when 17980670 is divided by 283.
265
Calculate the remainder when 90927 is divided by 9.
0
Calculate the remainder when 344139 is divided by 34413.
9
What is the remainder when 2735867 is divided by 88251?
86
Calculate the remainder when 779485 is divided by 415.
115
What is the remainder when 2225915 is divided by 445180?
15
What is the remainder when 2856002 is divided by 512?
66
Calculate the remainder when 88326 is divided by 86913.
1413
What is the remainder when 13646 is divided by 10222?
3424
What is the remainder when 1772384 is divided by 1111?
339
What is the remainder when 1438493 is divided by 68499?
14
Calculate the remainder when 247990 is divided by 112.
22
What is the remainder when 4938290 is divided by 281?
277
Calculate the remainder when 1442773 is divided by 3372.
2929
Calculate the remainder when 17200506 is divided by 12.
6
Calculate the remainder when 1299486 is divide